12) to base 9
-767
Convert -102011022 (base 3) to base 12.
-485b
Convert -3317 (base 10) to base 5.
-101232
What is -2230 (base 4) in base 15?
-b7
Convert -18a (base 12) to base 9.
-307
Convert -65 (base 12) to base 15.
-52
2024 (base 14) to base 13
2688
Convert -2104 (base 7) to base 9.
-1011
-4c2 (base 16) to base 9
-1603
3437 (base 8) to base 6
12235
Convert -323023 (base 4) to base 7.
-14020
-fc (base 16) to base 5
-2002
What is 23545 (base 6) in base 7?
13025
Convert 43314 (base 6) to base 16.
173e
-6336 (base 10) to base 6
-45200
-40215 (base 7) to base 6
-112550
What is 46375 (base 9) in base 11?
21268
-1011000110110 (base 2) to base 4
-1120312
33a (base 16) to base 7
2260
What is -5513 (base 7) in base 16?
-7b2
What is 275a (base 15) in base 4?
2003122
What is 2453 (base 8) in base 11?
aa3
Convert -33023 (base 5) to base 2.
-100011010111
Convert -343 (base 15) to base 9.
-1010
-10115 (base 6) to base 15
-5e8
What is a30 (base 14) in base 11?
1560
Convert 288 (base 14) to base 3.
200222
What is -122 (base 11) in base 5?
-1040
-1103 (base 4) to base 8
-123
What is -1661 (base 11) in base 16?
-84c
What is -111111010000101 (base 2) in base 7?
-163300
-4333 (base 5) to base 4
-21101
Convert -624 (base 8) to base 4.
-12110
What is 24212 (base 5) in base 15?
807
Convert -123000 (base 4) to base 12.
-1000
145d (base 14) to base 12
210b
Convert -6a7 (base 12) to base 11.
-821
-1350 (base 16) to base 5
-124234
Convert -9321 (base 14) to base 4.
-12023201
91b (base 13) to base 15
6d0
-1406 (base 8) to base 2
-1100000110
What is -1112210 (base 3) in base 2?
-10001101000
What is -422 (base 10) in base 11?
-354
-10101101000000 (base 2) to base 10
-11072
2200200 (base 3) to base 10
1962
-445 (base 10) to base 8
-675
What is -18767 (base 9) in base 11?
-9868
-1763 (base 14) to base 16
-106b
What is -2434 (base 11) in base 15?
-e23
9ff8 (base 16) to base 8
117770
Convert -848 (base 12) to base 8.
-2270
What is 7689 (base 10) in base 12?
4549
-60240 (base 9) to base 2
-1001101010001100
Convert -5874 (base 10) to base 2.
-1011011110010
What is 133142 (base 5) in base 15?
1917
Convert 536 (base 10) to base 15.
25b
What is 412 (base 9) in base 5?
2320
Convert 8472 (base 11) to base 2.
10101111001011
-4e6 (base 16) to base 10
-1254
5361 (base 10) to base 2
1010011110001
What is -201201 (base 3) in base 10?
-532
-4248 (base 11) to base 2
-1010111110010
Convert -253 (base 16) to base 10.
-595
Convert 11a86 (base 12) to base 5.
1232011
What is -442 (base 15) in base 14?
-4ca
What is 1101101 (base 2) in base 11?
9a
321300 (base 4) to base 11
2860
What is -22120 (base 4) in base 3?
-220121
-25137 (base 8) to base 7
-43424
What is -660 (base 14) in base 10?
-1260
-2003 (base 5) to base 11
-210
What is -313012 (base 4) in base 3?
-11211121
a615 (base 13) to base 5
1214002
What is 11213 (base 9) in base 3?
101020110
Convert -bd4 (base 15) to base 10.
-2674
What is 10200 (base 5) in base 7?
1653
-155250 (base 8) to base 4
-31222220
Convert 13402 (base 11) to base 10.
19120
Convert 1126 (base 9) to base 10.
834
Convert 798 (base 13) to base 12.
910
-11111100100101 (base 2) to base 5
-1004130
Convert 4bb (base 13) to base 7.
2264
-103104 (base 8) to base 9
-52131
What is -181 (base 9) in base 16?
-9a
What is -44 (base 14) in base 2?
-111100
4230 (base 15) to base 10
13995
Convert 2304332 (base 5) to base 15.
c32c
What is -275b (base 16) in base 4?
-2131123
Convert 328 (base 12) to base 8.
720
What is 21302 (base 5) in base 2?
10110101100
12220121 (base 3) to base 8
10325
What is -14b4 (base 13) in base 11?
-22a6
What is -30220 (base 4) in base 5?
-11213
Convert -124d (base 15) to base 4.
-330322
What is -949 (base 10) in base 13?
-580
Convert 224400 (base 6) to base 2.
100101011010000
2693 (base 13) to base 3
21120202
What is -1100001000110011 (base 2) in base 12?
-2492b
-20031 (base 5) to base 4
-103302
-11 (base 13) to base 6
-22
What is 140212 (base 5) in base 2?
1011000110010
What is 53 (base 6) in base 5?
113
Convert 1201001 (base 3) to base 5.
14433
What is 16216 (base 7) in base 2?
1000111011010
What is 208 (base 9) in base 12?
122
What is -1051 (base 11) in base 2?
-10101101011
Convert -468 (base 14) to base 6.
-4020
85b6 (base 13) to base 14
6aa6
595 (base 10) to base 5
4340
Convert 1020001202 (base 3) to base 11.
17123
Convert -176 (base 14) to base 9.
-363
397 (base 14) to base 4
23101
What is 20031 (base 4) in base 7?
1350
56cd (base 14) to base 13
6b2a
What is -112241 (base 6) in base 2?
-10010110000001
-41125 (base 6) to base 4
-1111031
What is 2130 (base 5) in base 11?
244
Convert -46026 (base 7) to base 14.
-4386
Convert -1110220 (base 4) to base 7.
-21535
What is -88 (base 10) in base 11?
-80
-20cd (base 14) to base 16
-1625
-2eec (base 16) to base 5
-341022
Convert 942 (base 15) to base 12.
125b
Convert -524b (base 15) to base 10.
-17396
What is 1333233 (base 4) in base 5?
230200
Convert 4ca3 (base 15) to base 9.
24380
What is -140 (base 9) in base 14?
-85
What is -10275 (base 11) in base 13?
-6a72
-6141 (base 11) to base 14
-2d84
-1325 (base 7) to base 16
-1fd
What is -2011212212 (base 3) in base 8?
-123656
What is -546 (base 7) in base 5?
-2104
What is 104d (base 14) in base 5?
42223
Convert 1878 (base 12) to base 13.
1478
What is -47730 (base 10) in base 9?
-72423
What is -877 (base 11) in base 9?
-1388
What is -2dd0 (base 14) in base 8?
-20032
What is -116 (base 15) in base 5?
-1441
15541 (base 10) to base 4
3302311
-946 (base 16) to base 11
-1869
What is 3974 (base 10) in base 2?
111110000110
What is -1011001011 (base 2) in base 7?
-2041
66 (base 13) to base 11
77
What is 1222120 (base 5) in base 15?
6e0a
3650 (base 8) to base 5
30320
What is 114388 (base 9) in base 15?
155ee
What is -10251 (base 6) in base 5?
-21044
What is 2dca (base 14) in base 16?
2016
Convert -6a (base 11) to base 6.
-204
What is -10011111010 (base 2) in base 8?
-2372
Convert 581 (base 16) to base 12.
995
What is 43011 (base 6) in base 11?
4429
What is 503 (base 9) in base 13?
255
-2220201110 (base 3) to base 8
-160053
What is 30e (base 15) in base 10?
689
4333 (base 10) to base 9
5844
Convert -13553 (base 7) to base 2.
-111010000001
Convert -3a20 (base 13) to base 14.
-3055
43167 (base 8) to base 15
5529
What is 1615 (base 8) in base 7?
2436
Convert -2020000 (base 3) to base 6.
-11300
Convert 2616 (base 8) to base 16.
58e
949 (base 15) to base 14
a98
-22100 (base 9) to base 15
-4526
What is -181a (base 14) in base 7?
-15433
-288b (base 12) to base 16
-126b
-1100110110001 (base 2) to base 9
-10017
Convert 31678 (base 9) to base 2.
101000111101001
Convert -17a74 (base 11) to base 12.
-12741
Convert 15000 (base 6) to base 11.
1870
Convert 4651 (base 12) to base 3.
101202021
Convert -9a9 (base 15) to base 4.
-202020
-1211110110 (base 3) to base 6
-434533
What is 2c17 (base 14) in base 2?
1111010110101
Convert b80 (base 16) to base 6.
21344
-201201 (base 4) to base 15
-980
-1333 (base 7) to base 15
-244
214123 (base 7) to base 10
37453
6015 (base 7) to base 4
200112
69 (base 13) to base 9
106
7542 (base 10) to base 14
2a6a
What is -36a (base 15) in base 13?
-478
Convert 2011110 (base 3) to base 9.
2143
Convert -975 (base 13) to base 15.
-72c
Convert 2345 (base 7) to base 12.
602
What is 3313 (base 13) in base 16?
1bca
What is 927 (base 13) in base 12?
a96
Convert -12086 (base 12) to base 5.
-1234134
-306 (base 11) to base 2
-101110001
What is -121554 (base 6) in base 12?
-62ba
Convert 50 (base 10) to base 11.
46
What is -8c (base 13) in base 4?
-1310
What is 441 (base 10) in base 5?
3231
What is 403214 (base 5) in base 12?
759a
Convert -1221 (base 4) to base 2.
-1101001
Convert 2421 (base 6) to base 13.
364
992 (base 10) to base 15
462
What is -322 (base 5) in base 14?
-63
86833 (base 9) to base 10
57540
What is -542 (base 7) in base 4?
-10103
-1021020 (base 3) to base 14
-4a0
11de (base 15) to base 8
7341
-9985 (base 14) to base 3
-1100110100
Convert -26572 (base 8) to base 4.
-2311322
-112102 (base 3) to base 13
-23c
What is aaa (base 15) in base 5?
34120
What is 1212011201 (base 3) in base 12?
19201
What is 1aa6 (base 11) in base 7?
10514
What is -127 (base 16) in base 14?
-171
Convert -11463 (base 8) to base 6.
-34431
Convert 12303 (base 4) to base 9.
533
-12100321 (ba